j**3/3 + j**2 - j + 1. Let i be v(o). What is the greatest common divisor of 12 and i?
12
Let a = 11 + -6. Suppose -d - 4*o + 120 = 0, -2*d - a*o + 56 + 172 = 0. Suppose 2*q + 39 = 5*q. What is the highest common factor of d and q?
13
Suppose -4*w - 2*a + 8 = 0, 2*w + 7 = -3*a + 3. Suppose q + q = w. Suppose 0 = -q*g - g + 9. Calculate the greatest common factor of g and 9.
3
Let q be (1 + -4)/((-4)/24). Let n be (q/4)/((-2)/(-40)). What is the greatest common divisor of 9 and n?
9
Suppose -3*y + 624 = 4*g, 3*g - 2*y - 3*y - 439 = 0. Let v(n) = 18*n - 1. Let o be v(1). Calculate the highest common divisor of g and o.
17
Let k be 125 + (0 - 4/4). What is the highest common factor of 31 and k?
31
Let r(l) = -l. Let c be r(-3). Suppose 0 = -4*m + c*m + 4. Let t = 127 + -91. Calculate the highest common divisor of t and m.
4
Let n(b) = 4*b + 3*b**2 + 5 + b**3 + 5*b**2 - 2*b**2. Let k be n(-5). Let y = 226 + -116. Calculate the highest common divisor of y and k.
10
Let u(i) = -i. Let f be u(6). Let h be 50/3 + f/9. What is the highest common factor of 48 and h?
16
Suppose -3*n + 5 = -5*h, -3*n - 3 = 2*n + 3*h. Suppose -4*g + 5*g - 5 = n. Suppose 3*a - 16 = g. Calculate the greatest common factor of 77 and a.
7
Let b(w) = -w**3 - w**2 + w - 4. Let g be b(-4). Calculate the highest common factor of g and 30.
10
Suppose 3*p = 5*p - 26. What is the greatest common factor of p and 52?
13
Let m(f) = f**3 + 6*f**2 + 6*f - 3. Let c be m(-5). Let r = 2 + c. Let i(b) = 3*b**2 - 2*b - 3. Let v be i(r). What is the highest common factor of 13 and v?
13
Suppose 6*p - d = 2*p + 39, 2*p + d - 15 = 0. Suppose -48 = c + 3*c - 3*a, -c - 35 = 5*a. Let z be 5/(c/p + 2). What is the highest common divisor of 5 and z?
5
Let r = 86 - 84. Calculate the greatest common divisor of 1 and r.
1
Suppose -2*x + 14 = -18. Calculate the highest common divisor of 4 and x.
4
Let v(k) = 0*k + 3 + 3 - 2 - k. Let n be v(-6). Calculate the greatest common divisor of n and 25.
5
Suppose 0 = -2*z + 3 + 1. Let k = 5 - z. What is the highest common divisor of k and 9?
3
Suppose -70 = -4*n + 58. What is the highest common divisor of 32 and n?
32
Suppose 4*p = -p + 25. Let x = 29 + -19. Calculate the greatest common factor of x and p.
5
Let d(w) = -w**3 + 6*w**2 + 8*w - 9. Let c be d(5). Suppose 7*y - 28 = c. What is the greatest common factor of y and 4?
4
Suppose -2*s + 5*s - 9 = 0. Suppose n - 15 = -5*u, 4*n + 12 = 2*u - 16. Let f = u + s. What is the highest common factor of 7 and f?
7
Suppose -5*n + 13 = 4*o - 0*o, 4*n = 2*o. What is the greatest common divisor of 14 and o?
2
Let y be (-2)/(-3) - (-2)/6. Let c be (0 - y) + -41 + -2. Let r = 121 + c. What is the highest common divisor of r and 11?
11
Let p be 118 + -1 + 4/(-2). Calculate the greatest common divisor of p and 23.
23
Let n be (35/10 - 3)*14. Calculate the greatest common divisor of 7 and n.
7
Let n = -102 + 112. Calculate the highest common divisor of 35 and n.
5
Suppose -3*c + z = 17, 2*c + 21 = -2*c + z. Let x be -2 + (-5)/c*4. What is the highest common factor of x and 21?
3
Suppose -k = k - 80. What is the highest common factor of k and 100?
20
Suppose -2*v + 4*v - 2*h - 26 = 0, 0 = 2*v + 2*h - 42. What is the greatest common factor of 51 and v?
17
Let y be (-20)/(-15)*6/2. Let f be (-11 - 9)*(-8)/10. What is the greatest common divisor of y and f?
4
Let o(m) = 3*m**3 + 3*m. Let j be 2/8 - (-22)/8. Let t be o(j). Let h(i) = -i**2 + 10. Let z be h(0). Calculate the highest common factor of t and z.
10
Let u(a) = -a**3 - a**2 - a - 1. Let f be u(0). Let r be (-3)/(f - (3 - 3)). Calculate the highest common factor of 12 and r.
3
Let c(g) be the third derivative of 0*g + 2/15*g**5 + 2*g**2 + 0 - 1/24*g**4 + 1/2*g**3. Let a be c(5). Calculate the greatest common factor of 22 and a.
22
Let l be (-52)/(-2)*6/12. What is the highest common divisor of 143 and l?
13
Let g(o) = 7*o**3 + 3*o - 2. Let r be g(1). What is the greatest common factor of r and 88?
8
Let h be ((-18)/(-1))/(2*1). Suppose v - h + 1 = 0. Let o be 3/2*v/6. What is the highest common divisor of o and 6?
2
Let c(s) = 2*s**2 + 2*s - 3. Let k be c(3). Suppose -y = p - 7, 0 = -7*y + 3*y + 3*p + k. Let m = 6 + 0. What is the greatest common factor of y and m?
6
Let l(s) = -s. Let q = -9 - -6. Let u = 2 + q. Let x be l(u). What is the highest common divisor of 11 and x?
1
Let m be 0 - -1 - (-66 - 5). What is the greatest common divisor of m and 9?
9
Suppose -20 = -w + 4. Let h = -23 + 23. Suppose -4*r = -h*p + p - 241, -2*r = -5*p - 115. What is the highest common divisor of w and r?
12
Let s = 40 + -34. Calculate the greatest common factor of s and 3.
3
Let k be -3 - (5 - 2 - 20). Let o be (-1)/(-2) + k/4. What is the greatest common divisor of o and 36?
4
Suppose 0 = 3*o + r + 3*r - 4600, -5*o - 2*r = -7690. Suppose -o = -l - l. Suppose -m = -6*m + l. Calculate the greatest common divisor of 14 and m.
14
Suppose 0 = 3*g - 15 - 27. Let j = 19 - -16. Calculate the highest common divisor of g and j.
7
Let x be (2 - 0/(-1)) + 83. Let l = x + -53. Suppose -l = -5*v + v. Calculate the highest common divisor of v and 4.
4
Let k(n) = -n**3 - 4*n**2 + 5*n + 6. Let t be k(-5). What is the greatest common divisor of t and 12?
6
Let p = -25 - -29. What is the greatest common factor of 1 and p?
1
Suppose -2*d + 4*f = -7*d, 2*d - 18 = 2*f. What is the highest common factor of 44 and d?
4
Suppose -b = -3*d - 17, -21 = -5*b + 2*b - d. Suppose 0*o = -o + 40. What is the highest common divisor of o and b?
8
Let a be 5/5 + 13*2. Let l be ((-68)/(-3))/(1/a). Suppose 40 = -4*i + l. Calculate the greatest common factor of 13 and i.
13
Let x be 60/((27/2)/9). Calculate the highest common factor of 8 and x.
8
Let g(h) = -h**2 - 18*h - 6. Let w be g(-12). What is the greatest common divisor of 11 and w?
11
Let z = 9 - 13. Let s be z/(-16) + (-158)/(-8). What is the greatest common divisor of 50 and s?
10
Let f be (-2)/6*(-12)/2. Let n(k) = 3*k**3 + 4*k**2 - 11*k - 4. Let c be n(2). Calculate the highest common factor of c and f.
2
Let f be (-63 - -1)*-1*1. Let j be 4/(-12) + f/6. Suppose 3*d = 64 - j. Calculate the highest common divisor of 144 and d.
18
Let k = -63 - -117. Suppose -2*q + 7 = -1. Let d be 2*(-3 + q - -8). Calculate the highest common factor of k and d.
18
Suppose j = -2*j + 15. Suppose -6 = -t - x, -2*t + j*x + 13 = -6. Let n = 42 + -14. Calculate the highest common factor of n and t.
7
Let d = 573 - 397. Let p(l) = l**2 + 4*l + 2. Let m be p(-7). Suppose -m = -4*v + 41. What is the greatest common divisor of d and v?
16
Suppose -4*j - 7 = -3*c + j, -2*j + 22 = 5*c. Suppose -2*v + 10 = 3*v. Let u be 1 + (v - (-5 - 0)). Calculate the highest common factor of c and u.
4
Let c = -28 - -48. Calculate the highest common factor of 30 and c.
10
Let i be -7*(-3 + (-5 - 0)). Suppose -i = -5*a + 9. Calculate the greatest common divisor of a and 52.
13
Suppose 0 = 2*i, 2*h = 5*h - 4*i - 15. Suppose -h = 10*w - 5*w, 0 = 4*n + 5*w - 43. Calculate the highest common factor of 132 and n.
12
Let r(n) = n**2 + 8*n + 7. Let v be r(6). What is the highest common divisor of v and 13?
13
Let c = 328 - 232. Suppose -6*u + c = -2*u. Calculate the greatest common factor of 72 and u.
24
Let o(i) = 4*i - 3. Let m be o(2). Suppose l + 2*p + p = 13, -4*p = m*l - 120. Calculate the highest common divisor of 42 and l.
14
Let b(g) = g**3 - 3*g**2 + 4*g - 5. Let f be b(4). Let t = -2 + 1. Let n be 0 - (-36)/(3 + t). What is the greatest common divisor of f and n?
9
Let d(f) = -8 - 4*f + 3*f + 2*f. Let o be d(12). What is the greatest common factor of o and 1?
1
Suppose 5 + 1 = o - 2*m, -5*o - 4*m + 2 = 0. Suppose 0 = 24*u - 29*u. Suppose g - 4 = -u*g - o*v, -4 = 4*v. Calculate the highest common divisor of 2 and g.
2
Suppose -x = o + 2*o - 247, -2*o + 2*x + 178 = 0. Calculate the highest common divisor of o and 21.
21
Let y = 37 + -22. Calculate the highest common factor of 165 and y.
15
Let q be 2 + 1/2*-94. Let c be (q/20)/(3/(-32)). What is the highest common factor of 16 and c?
8
Suppose -5*x + 2 = -3. Suppose -2*v - 2 = -8. What is the greatest common divisor of v and x?
1
Let c(i) = 17*i - 5. Let v be c(4). Suppose 4*a - 37 + 1 = 0. Calculate the greatest common divisor of a and v.
9
Let i be 